s of q/(-27) - (-34)/153?
2, 5, 17
Let f(g) = -g**3 - 14*g**2 - 10*g - 9. Let h(s) = 4*s. Let t(x) = 23*x. Let u(q) = -34*h(q) + 6*t(q). Let n be u(-7). List the prime factors of f(n).
131
Let m be (-14)/(-12 + 5)*-452. What are the prime factors of m/(-3) + (-35)/105?
7, 43
Let g = -1122 + 2347. Let f = 2319 - g. List the prime factors of f.
2, 547
Suppose 4*q + 4*b = -220, 2*q + b = -14 - 93. Let p be (-10)/6 - 261580/66. What are the prime factors of p/q - (-2)/(-8)?
2, 19
Let n = 43535 + -7753. What are the prime factors of n?
2, 17891
Let d(p) = -210*p + 80. Let z(y) = 1680*y - 645. Let a(h) = -33*d(h) - 4*z(h). List the prime factors of a(5).
2, 3, 5, 11
Let y = 421 + -223. Suppose 67*d + y = 70*d. List the prime factors of d.
2, 3, 11
Let c(d) = -2027*d - 13773. List the prime factors of c(-29).
2, 5, 7, 643
Let r(n) = -3*n**2 + 18*n + 2. Let a be r(14). Let w = a - -702. What are the prime factors of w?
2, 23
Suppose 3*s = 4*d + 864, -4*d + 1472 = -6*s + 11*s. Let a = -177 + s. List the prime factors of a.
5, 23
Let c = -143 + 155. List the prime factors of 5/100*5 - (-4125)/c.
2, 43
Suppose -4*y + 40 + 32 = 0. Suppose 13*p + 40 = y*p. List the prime factors of (222/18 - p) + (-2)/(-3).
5
Let k = 4458 + -840. List the prime factors of k.
2, 3, 67
Let z(g) = -6*g**2 - g - 1. Let w be z(-1). What are the prime factors of (143/2 + -3)*(0 - w)?
3, 137
Suppose 4*k - g - 27 = 2*g, 5*g = 4*k - 21. Let r be 2 + 5 + (5 - k). Suppose -2*f = 3*q - 105, f = r*q + 5*f - 111. List the prime factors of q.
3, 11
Let t be ((-10)/6)/(64/(-24) + 3). Let u(x) = -61*x - 182. What are the prime factors of u(t)?
3, 41
Let u(s) = -s + 6. Let g be u(3). Let l be -147*3/g*-1. Let h = 277 - l. List the prime factors of h.
2, 5, 13
Let q(f) = 290*f**2 - f + 1. Let l(t) = 291*t**2 - t + 1. Let k(w) = 6*l(w) - 5*q(w). Let m be 15/18 + 4/24. What are the prime factors of k(m)?
2, 37
Suppose 18*q - 138387 = -104475. List the prime factors of q.
2, 3, 157
Let b(w) = 31*w**2 - 18*w - 43. List the prime factors of b(14).
3, 41, 47
Suppose 0 = 16*x - 42285 - 151075. What are the prime factors of x?
5, 2417
Let h = 2822 + -1268. What are the prime factors of h?
2, 3, 7, 37
Suppose -10*f + 328 = -6*f. Suppose 8*r = 7*r + f. Suppose -6*o = 22 - r. List the prime factors of o.
2, 5
Let u = 151 - 161. List the prime factors of (-1038)/u - (-13)/65.
2, 13
Let w = 5049 - 3549. Let n = w + -424. What are the prime factors of n?
2, 269
Let y(q) = q**2 - 17*q + 3. Let h be (-3 + -48)*-2*2/12. Let o be y(h). What are the prime factors of 4*42 - -8 - (1 - o)?
2, 89
Let o = 36657 + 3978. What are the prime factors of o?
3, 5, 7, 43
Let r(l) be the third derivative of -l**5/20 - l**4/12 - l**3/3 + 10*l**2. Let d be r(-3). Let f = d + 109. List the prime factors of f.
2, 43
Suppose 29281 + 92843 = 4*q. List the prime factors of q.
3, 10177
Let j be 40/(-24) + (-40)/(-6). Suppose -j*f = -x + 431, -x + 12*f = 8*f - 433. What are the prime factors of x?
3, 7
Let h(s) be the second derivative of 5*s**4/3 - 41*s**3/3 - 2*s**2 + 119*s. What are the prime factors of h(6)?
2, 7
Let b(g) = g**2 - 17*g - 103. Let v be b(22). Suppose -4*p = -v*p + 2*l + 2740, -4*p + 5*l + 3658 = 0. List the prime factors of p.
2, 3, 19
Let q(y) = -y**3 + 16*y**2 + 20*y + 1. Suppose 129 - 13 = 4*l. Let c = -12 + l. List the prime factors of q(c).
2, 13
Let w(h) = 4*h**2 - 6*h - 5. Let q be w(-1). Suppose 0 = -t + 3*t - 6, -5*c + 4310 = q*t. List the prime factors of c.
859
Suppose -77*k - 8727280 = -372*k. What are the prime factors of k?
2, 43
Let q be (0 - (1 + -6)) + 585/(-195). Suppose -4*h = q*g - 1670, 18*g - 16*g = -h + 1658. What are the prime factors of g?
827
Suppose 743752 = 37*y - 34*y + 28*y. List the prime factors of y.
2, 2999
Suppose -5829 = -4*a + 3*x, 0 = -2*x - 72 + 66. List the prime factors of a.
3, 5, 97
Let r(l) = -l**3 - 7*l**2 - 5*l + 14. Let q be r(-6). Suppose 4*t + 6*d = q*d + 1588, 2*t - 2*d - 796 = 0. List the prime factors of t.
2, 3, 11
Let x(n) = -64*n + 173. What are the prime factors of x(-19)?
3, 463
Let k be -4*6/(-3 - 0)*8. Let y = k - -441. Suppose 0 = 4*r + 4*i - 684, -2*r = r + 5*i - y. List the prime factors of r.
5, 7
What are the prime factors of (-748)/33*18*(837/(-12))/3?
2, 3, 17, 31
Let h(v) = -v**2 - 13*v + 18. Suppose 2*o - 8*o - 84 = 0. Let s be h(o). Let q = 23 - s. What are the prime factors of q?
19
List the prime factors of (-1)/2 + (-23331)/(-154).
151
Suppose -9*n + 14*r = 13*r - 245649, -6 = -r. What are the prime factors of n?
5, 53, 103
Let m be (-2)/(-4) - (10395/18 - 0). Let h = 1181 + m. What are the prime factors of h?
2, 151
Let y(c) = -2*c + 32. Let t be y(15). Let x = 7 - t. Suppose x*q = -n + 162, q = -2*n + 399 - 84. List the prime factors of n.
157
Let s(p) = -9*p - 29. Let b be s(-3). What are the prime factors of (-102564)/(-196) - b/(-7)?
523
Let z = 598 - -3568. What are the prime factors of z?
2, 2083
Suppose -499*x + 15119739 = -160*x. What are the prime factors of x?
3, 14867
Let q(j) = 40155*j**3 + 4*j**2 + 24*j - 27. List the prime factors of q(1).
2, 10039
Suppose 42948 = 32*i - 50*i. Let c = -1631 - i. List the prime factors of c.
5, 151
Let g be (-3 + 7/((-14)/(-32)))*-6. Let c = 38 - g. Suppose -c = -11*h + 533. List the prime factors of h.
59
Suppose -5*z = d - 13, 4*z - 11 = -3*d + 3*z. Suppose -8*i = d*r - 4*i - 30, -i = 0. What are the prime factors of r?
2, 5
Let q be (4/3)/(13/5538). Suppose h = 5*h - q. Suppose 3*w + 4*d - h = 3*d, 5*d = -10. List the prime factors of w.
2, 3
Let i be 45*3*(-2)/(-9). Let d(t) = -t**2 - 56*t - 448. Let z be d(-47). Let m = z + i. What are the prime factors of m?
5
Suppose -2191 = -26*i - 48653. Let s = i + 3161. List the prime factors of s.
2, 3, 229
Let c(t) be the third derivative of 0*t + 0 - 1/12*t**4 - 29*t**2 + 3*t**3. List the prime factors of c(-5).
2, 7
Suppose 0 = 38*y - 933846 - 371016 - 42770. List the prime factors of y.
2, 11, 13, 31
Let i be 2 + (244 - (-2 + 8)). Suppose i = -11*h + 3309. What are the prime factors of h?
3, 31
Suppose 187*j = 205*j - 588222. What are the prime factors of j?
3, 3631
Suppose -42*k + 13*k = -11*k - 725832. What are the prime factors of k?
2, 17, 593
Let z(c) = -c**2 + 25*c - 7. Let r(v) = -v + 16. Let t be r(3). Let l be z(t). Let x = l + -5. What are the prime factors of x?
2, 3
Let z(m) = -3127*m - 3246. List the prime factors of z(-14).
2, 10133
Let q(x) = 4*x**2 + 3*x + 77. Let z(f) = 14*f**3 - f**2 - 1. Let m be z(1). List the prime factors of q(m).
13, 53
Let a = 24 - 20. Suppose -a*v = -2*v + 4*v. Suppose -y = -w + 199, 3*w + v*y - 601 = -y. List the prime factors of w.
2, 5
Let h be (16/48)/((-1)/(-12)*1). Suppose -t = -3*x + 2841, 0 = 3*x + h*t - 2554 - 302. List the prime factors of x.
2, 3, 79
Suppose -2*k = -3 - 7, 5*k - 16 = 3*n. Suppose 12 = -n*m, -5*v + m + 1209 = -0*m. Suppose -4*o - 45 + v = 0. List the prime factors of o.
7
Let w(z) = -z**3 - 38*z**2 - 65*z + 111. Let k = -542 + 505. What are the prime factors of w(k)?
31, 37
Suppose 10 = 3*x + 2*x, 4*x + 4 = 4*b. Suppose b*a + 0*a - 222 = 0. Suppose -c + a = 14. List the prime factors of c.
2, 3, 5
Let b(a) = a**2 - 4*a + 7. Let p be b(3). Let y(j) = j**3 - 6*j**2 + 3*j - 4. Let k be y(p). List the prime factors of 5/((140/k)/(-7)).
2, 3
Let a(v) = 346*v**2 + 64*v - 362. List the prime factors of a(6).
2, 17, 367
Let x = -95092 - -139483. What are the prime factors of x?
3, 14797
Let b be (-6)/36*1527*(3 + -1). Let t = 199 - b. What are the prime factors of t?
2, 3, 59
Suppose o = -v + 7 - 161, -v - 5*o - 170 = 0. Let m = v - -1487. List the prime factors of m.
7, 191
Let v(y) = 2*y**2 + 7. Let g be v(7). Let p be (g*-6 - 3)/(2/(-2)). List the prime factors of 4/(-14) + p*(-6)/(-63).
2, 3, 5
Suppose n = 4*w - 23310, 0 = -4*w - 2*n - 16666 + 39994. What are the prime factors of w?
3, 29, 67
Let t be (-2)/9*15*-6. Let c be (-258)/(-4)*t/30. Suppose 144 = -c*y + 47*y. What are the prime factors of y?
2, 3
Let s be (3 - 8)/(-20) - (-255)/4. Suppose 0 = -4*y + i + s, -3*i + 0 - 12 = 0. Suppose y = r - 205. List the prime factors of r.
2, 5, 11
Let q(w) = -w**3 + 21*w**2 - 36*w - 38. Let a be q(19). Suppose a = -152*j + 140*j + 12216. What are the prime factors of j?
2, 509
Suppos